(0). What is the tens digit of (f + 15/(-6))*4202/(-33)?
9
Let z be (-194)/(-8) - (-1)/(-4). Suppose -z = -0*f - 2*f. Suppose 0 = -13*i + f*i + 72. What is the units digit of i?
2
Suppose 0 = s - 148 - 56. Suppose -29*d + 2*d = -2*d - 5050. Suppose -5*z + d = p - 290, -2*z + s = -2*p. What is the tens digit of z?
9
Let l(t) = 5*t**2 - 3*t - 5. Let v(p) = 6*p**2 - 3*p - 5. Let d be ((-6)/(-4))/((-6)/16). Let i(z) = d*v(z) + 5*l(z). What is the units digit of i(-3)?
3
Suppose 0 = -32*p + 39372 + 18548. What is the hundreds digit of p?
8
Suppose -9*y + 10102 = -13721. What is the units digit of y?
7
Let n be 2 - (4 - (3 - 1)). Let r(y) be the second derivative of y**4/12 + y**3/6 + 5*y**2/2 - 208*y. What is the units digit of r(n)?
5
Suppose 851*n = 855*n - 4*t - 95632, -5*t = 20. What is the hundreds digit of n?
9
Let v = 117 + -103. Let c be 7/(v/6) + -1 + -1. What is the units digit of (-17 - -16)/(c/(-25))?
5
Suppose 4001 = 14*y + 14361. Let h = y + 1100. Suppose 4*i - h = i. What is the tens digit of i?
2
Let g be 1*2*(1 - (-12)/8). Suppose g*x = x + 16. Suppose -2*w + 120 = -x*i, w + 2*i + i = 65. What is the units digit of w?
2
Let y(b) = 2*b**3 - 10*b**2 + 9*b - 25. Let d(p) = 3*p**3 - 11*p**2 + 10*p - 25. Let q(f) = -3*d(f) + 4*y(f). What is the hundreds digit of q(-11)?
3
Suppose -52*t + 6*t = -592296. What is the hundreds digit of t?
8
Let l be 10*1 - 105/15. Suppose 0 = -l*p - 10*p + 5616. What is the hundreds digit of p?
4
Suppose 173590 - 27878 = 3*w - 4*s, 3*w - 145698 = -3*s. What is the units digit of w?
8
Suppose 0 = 11*w + 469 + 5614. Let i = w + 1281. What is the tens digit of i?
2
Let s(j) = -16266 - 23*j + 292*j + 16166. What is the hundreds digit of s(5)?
2
Let g = -3396 - -4963. What is the thousands digit of g?
1
Suppose -2*o + 60 = 10*o. Suppose o*p + 411 = 1536. What is the tens digit of p?
2
Let z(s) = 7*s**2 + 2*s + 52. Suppose 0 = -15*h - 8*h - 253. What is the units digit of z(h)?
7
Suppose -13 = -5*v + 22. Let w(h) = 3*h**2 + 17*h + 15. What is the units digit of w(v)?
1
Suppose 42*v - 13*v = 87. Suppose v*i + 2*s = 8*i - 1328, 0 = 2*i - 3*s - 529. What is the hundreds digit of i?
2
Suppose -2*r - 5*g + 19 = 0, 1 = 2*r + 3*r - 3*g. Suppose -1542 = -3*x - 2*f, 4*x + 3*f = -r*f + 2056. What is the tens digit of x?
1
Suppose -4*q + r + 23 = 2, 3*r - 2 = -q. Suppose -q*m + 10*m + 5*s - 3525 = 0, 5*m - 5*s = 3485. What is the hundreds digit of m?
7
Let v = 579 + -575. Suppose -v = l - 106. What is the units digit of l?
2
What is the units digit of 5736 + ((2 + -4)*(-65)/(-10) - -8)?
1
Let y be 17/(-2)*(-2 - 100). Suppose -191 + y = -4*q. Let z = q + 381. What is the hundreds digit of z?
2
Let k(m) = m**2 - 6*m - 12. Let y(j) = -12*j - 4. Let n be y(-1). Let u be k(n). Suppose 2*z + u*c = 346, 4*z - 5*c - 910 = -z. What is the hundreds digit of z?
1
Suppose t = -10*t - 44. Let y be (19 + -11)*(-2)/t. Suppose 0 = -b - 4, b + y*b = -5*f + 640. What is the hundreds digit of f?
1
Suppose -3*d = d - 2*p - 32, 5*d - 40 = -5*p. Let g(q) = 2*q + 10. Let l be g(d). Suppose -100 = l*z - 31*z. What is the units digit of z?
0
Let l(t) = -t**2 + 282*t + 719. What is the ten thousands digit of l(126)?
2
Suppose -6*m + 14 + 10 = 0. Suppose 0 = 2*f - 5*b - 481, -m*f + 233 = -3*f + 5*b. What is the tens digit of f?
3
Suppose 0 = -6*j + 13742 - 3164. Suppose -11*q = -1911 - j. What is the tens digit of q?
3
Let f = 168 + -168. Suppose -8*x = -f*x - 1696. What is the hundreds digit of x?
2
Let m = -15932 - -27348. What is the hundreds digit of m?
4
What is the ten thousands digit of 10676 + (5/80*116 - 15/12)?
1
What is the thousands digit of (-6)/10 + (-7365182)/(-470)?
5
Suppose -101865 = 1568*u - 1571*u. What is the tens digit of u?
5
Let k = -295 + 299. Suppose 6*h + k*w + 276 = 8*h, 0 = -5*h + 2*w + 682. What is the tens digit of h?
3
Let s be -83 + -10*12/(-15). Let d = s + 227. What is the tens digit of d?
5
Let v(z) = 44*z**3 + 8*z**2 - 12*z + 7. Let u be v(3). Suppose -n - 390 = -3*j + u, n + 2163 = 4*j. What is the hundreds digit of j?
5
What is the tens digit of 5537*(0/(-11 - -2) + (0 - -1))?
3
Let f be (-9)/((-108)/(-16)) + (-8)/(-6). Let v = 3157 + -2014. Suppose -9*z + v = -f*z. What is the units digit of z?
7
What is the hundreds digit of (-29942)/28*-2 - (-44)/154?
1
Let j(u) = -3*u**2 - 9*u + 9. Let s be j(13). Let z = s + 948. What is the tens digit of z?
3
Let p(a) = 74*a - 112. Let c = 332 - 324. What is the hundreds digit of p(c)?
4
Let j = -171 + 851. Let h = j + 280. What is the hundreds digit of h?
9
Let s = 110 - 92. Let a(y) = -2*y + 32. Let u be a(s). What is the units digit of (2 + u)/((-3)/(-36)*-2)?
2
Let x(l) = -2*l**3 + 65*l**2 - 13*l + 419. What is the hundreds digit of x(31)?
8
Suppose -83*x - 184*x = 60*x - 17141994. What is the units digit of x?
2
Suppose 2*r - 2*u = -378, 7*r - 2*r = 3*u - 943. Let k = r - -655. What is the tens digit of k?
6
Let g = 940 - -1780. What is the units digit of g?
0
Let k be 1 + (0 - (-1677)/3). What is the tens digit of -18*7/14 + k?
5
Suppose 3*z - 2300 = 4*w, -2*z + 20 = 3*z. Suppose 35*a - 10639 + 38674 = 0. Let q = w - a. What is the hundreds digit of q?
2
Let c(k) = -k**2 + 16*k - 4. Let l(r) = 7*r**2 + 2*r + 2. Let u be l(-2). Suppose -u = -5*v + 39. What is the tens digit of c(v)?
3
Let b be 1 + 4 + -2 + 2. Suppose -1546 - 2598 = -b*r - 4*u, -r + u = -836. What is the tens digit of r?
3
Let w(r) = 295*r - 753. What is the thousands digit of w(6)?
1
Let r(o) = o**2 + 20*o + 75. Let h be r(-15). Suppose 24*k - 710 - 3466 = h. What is the units digit of k?
4
Let t(p) = -3*p**2 + 44*p + 18. Let l be t(15). Suppose 0 = -v + 2*v + 5*o - 539, -l*v + o + 1585 = 0. What is the units digit of v?
9
Let l(s) be the first derivative of s**4/4 + 5*s**3 - 9*s**2 + 22*s + 12. What is the units digit of l(-14)?
0
Let l = 7354 - -3089. What is the tens digit of l?
4
Suppose -5*l + 12075 = 5*n, 869 = l - n - 1554. Suppose 3*m = d + l, -3*m + 1905 + 508 = 5*d. What is the units digit of m?
6
Suppose -3*v + 4305 = b, -4*b + 7*b + v = 12963. What is the hundreds digit of b?
3
Suppose -5*s + 4*p + 23 = 0, -4*p - 4 = 4. Let l be 5/((-70)/4) - (-161)/49. Suppose b = -s*x - 0*b + 184, -2*x + l*b = -119. What is the tens digit of x?
6
Let g be 26/(-2 - 0) + (17 - 15). What is the hundreds digit of -159*(-8 - 11/(g/(-2)))?
5
Suppose 0 = 2*h + 7*d - 5*d - 107504, 12 = 2*d. What is the tens digit of h?
4
Let g = 587 - -1471. Suppose 28*h - g = 22*h. What is the tens digit of h?
4
Let d(q) = -q - 63. Let g be d(-33). What is the hundreds digit of 35/(-14)*15384/g?
2
Let i(w) = 2*w**2 - 63*w - 33. Let n be i(32). Let u(x) = 906*x**2 - 5. What is the tens digit of u(n)?
0
Suppose w = -22 + 17. What is the units digit of ((-6)/18)/(((-15)/(-6291))/w)?
9
Suppose 26*l - 264774 = -0*l - 94500. What is the units digit of l?
9
Suppose -2*t + 232 = 3*r, 21*r - 478 = -4*t + 22*r. What is the tens digit of 6/(-14) + 8976/t?
7
Suppose 0 = 12*p - 180 + 36. Let j(m) be the second derivative of m**5/20 - 3*m**4/4 - 9*m**3/2 + 5*m**2 - 16*m. What is the hundreds digit of j(p)?
1
Let p(k) = -279*k - 905. What is the units digit of p(-14)?
1
Let y(u) = -u**2 - 11*u + 71. Let a be y(-16). What is the hundreds digit of (a - 126/(-12))/(1/300)?
4
Let w(u) = -u**3 - 11*u**2 - 9*u + 15. Let i be w(-10). Suppose 4*o = -q + 14, -5*o + 4 = -i*q - 1. What is the units digit of o?
3
Suppose -3*a = r + 5, -3*r + 0*a = -3*a + 3. Let f(h) = -103*h + 10. What is the hundreds digit of f(r)?
2
What is the tens digit of (3/(-6))/(-2 + (-321910)/(-160960))?
4
Suppose 86876 = 3*x - p + 16458, -4*x = 5*p - 93878. What is the tens digit of x?
7
Suppose 0 = 29*l - 26*l - 24. Let i = l - 14. Let n = i + 62. What is the units digit of n?
6
Suppose -z + 30 = b, -b - b = -z - 57. Suppose b*k = 19*k + 2660. What is the tens digit of k?
6
Let g = 171 + -146. Suppose 18*s - g*s + 1981 = 0. What is the tens digit of s?
8
Let c be 26/(-6)*-3 - 2 - -3. Suppose -5408 = -c*p + p. What is the tens digit of p?
1
Let h(f) = f**3 - 11*f**2 + 12*f + 28. Let x be h(17). Suppose 670*u - 668*u - x = 0. What is the tens digit of u?
8
Let a be -5 - 2/(2/3). Let j = 7 + a. What is the tens digit of (42*(-1 + 0))/j?
4
Suppose 0 = 198*j - 101*j - 127*j + 